{"id":302,"date":"2018-05-21T18:18:43","date_gmt":"2018-05-21T16:18:43","guid":{"rendered":"http:\/\/seenet-mtp.info\/bsw2018\/bs2018\/?page_id=302"},"modified":"2018-06-02T00:49:55","modified_gmt":"2018-06-01T22:49:55","slug":"students","status":"publish","type":"page","link":"https:\/\/seenet-mtp.info\/bsw2018\/bs2018\/students\/","title":{"rendered":"Students"},"content":{"rendered":"<p>A preliminary list of confirmed students<\/p>\n<ul>\n<li>Zehra Abdrahim (Sofia, Bulgaria)<\/li>\n<li>Nikola Andreji\u0107 (Ni\u0161, Serbia)<\/li>\n<li>Nilay Bostan (Istanbul, Turkey)<\/li>\n<li>Taygun Bulmus (Istanbul, Turkey)<\/li>\n<li>Sergiu Busuioc (Timisoara, Romania)<\/li>\n<li>Sercan \u00c7\u0131k\u0131nto\u011flu (Istanbul, Turkey)<\/li>\n<li>Victor Danchev (Sofia, Bulgaria)<\/li>\n<li>Danilo Deliba\u0161i\u0107 (Nis, Serbia)<\/li>\n<li>Aleksandra Dimi\u0107 (Belgrade, Serbia)<\/li>\n<li>Marko Dimitrijevi\u0107 (Ni\u0161, Serbia)<\/li>\n<li>Stefan Djordjevic (Ni\u0161, Serbia)<\/li>\n<li>Zofia Fabisiewicz (Warsaw, Poland)<\/li>\n<li>Dragoljub Go\u010danin (Belgrade, Serbia)<\/li>\n<li>Simona Grigorova (Sofia, Bulgaria)<\/li>\n<li>Victor Guada (Ljubljana, Slovenia)<\/li>\n<li>Mehmet Helva (Istanbul, Turkey)<\/li>\n<li>Florin Vlad Iancu (Bucharest, Romania)<\/li>\n<li>Ivo Iliev (Sofia, Bulgaria)<\/li>\n<li>Dana Ioan (Bucharest, Romania)<\/li>\n<li>Pavel\u00a0Jirou\u0161ek (Prague, Czech Republic)<\/li>\n<li>Oguzhan Kasikci (Istanbul, Turkey)<\/li>\n<li>Nikola Konjik (Belgrade, Serbia)<\/li>\n<li>Marko Krstic (Ni\u0161, Serbia)<\/li>\n<li>Angelos Lykkas (Ioannina, Greece)<\/li>\n<li>Sebastian Miclu\u021ba-C\u00e2mpeanu (Bucharest, Romania)<\/li>\n<li>Milan Milo\u0161evi\u0107 (Ni\u0161, Serbia)<\/li>\n<li>Tijana Radenkovi\u0107 (Belgrade, Serbia)<\/li>\n<li>Andrei Ioan Radoac\u0103-Dogaru (Bucharest, Romania)<\/li>\n<li>Miroslav Radomirov (Sofia, Bulgaria)<\/li>\n<li>Maria R\u00f3\u017ca\u0144ska-Kami\u0144ska (Warsaw, Poland)<\/li>\n<li>Dejan Simic (Belgrade, Serbia)<\/li>\n<li>Vladyslava Sharkovska (Kyiv, Ukraine)<\/li>\n<li>Aleks Smolkovi\u010d (Ljubljana, Slovenia)<\/li>\n<li>Marko Stojanovic (Nis, Serbia)<\/li>\n<li>Ilias Tavellaris (Ioannina, Greece)<\/li>\n<li>Lampros Trifyllis (Ioannina, Greece)<\/li>\n<li>Vildan Tu\u011fyano\u011flu (Istanbul, Turkey)<\/li>\n<li>Konstantinos Violaris-Gkountonis (Ioannina, Greece)<\/li>\n<li>Utku Zorba (Istanbul, Turkey)<\/li>\n<\/ul>\n","protected":false},"excerpt":{"rendered":"<p>A preliminary list of confirmed students Zehra Abdrahim (Sofia, Bulgaria) Nikola Andreji\u0107 (Ni\u0161, Serbia) Nilay Bostan (Istanbul, Turkey) Taygun Bulmus (Istanbul, Turkey) Sergiu Busuioc (Timisoara, Romania) Sercan \u00c7\u0131k\u0131nto\u011flu (Istanbul, Turkey) Victor Danchev (Sofia, Bulgaria) Danilo Deliba\u0161i\u0107 (Nis, Serbia) Aleksandra Dimi\u0107 (Belgrade, Serbia) Marko Dimitrijevi\u0107 (Ni\u0161, Serbia) Stefan Djordjevic (Ni\u0161, Serbia) Zofia Fabisiewicz (Warsaw, Poland) Dragoljub Go\u010danin (Belgrade, Serbia) Simona Grigorova &hellip;<\/p>\n","protected":false},"author":3,"featured_media":0,"parent":0,"menu_order":0,"comment_status":"closed","ping_status":"closed","template":"","meta":{"footnotes":""},"class_list":["post-302","page","type-page","status-publish","hentry"],"_links":{"self":[{"href":"https:\/\/seenet-mtp.info\/bsw2018\/bs2018\/wp-json\/wp\/v2\/pages\/302","targetHints":{"allow":["GET"]}}],"collection":[{"href":"https:\/\/seenet-mtp.info\/bsw2018\/bs2018\/wp-json\/wp\/v2\/pages"}],"about":[{"href":"https:\/\/seenet-mtp.info\/bsw2018\/bs2018\/wp-json\/wp\/v2\/types\/page"}],"author":[{"embeddable":true,"href":"https:\/\/seenet-mtp.info\/bsw2018\/bs2018\/wp-json\/wp\/v2\/users\/3"}],"replies":[{"embeddable":true,"href":"https:\/\/seenet-mtp.info\/bsw2018\/bs2018\/wp-json\/wp\/v2\/comments?post=302"}],"version-history":[{"count":5,"href":"https:\/\/seenet-mtp.info\/bsw2018\/bs2018\/wp-json\/wp\/v2\/pages\/302\/revisions"}],"predecessor-version":[{"id":376,"href":"https:\/\/seenet-mtp.info\/bsw2018\/bs2018\/wp-json\/wp\/v2\/pages\/302\/revisions\/376"}],"wp:attachment":[{"href":"https:\/\/seenet-mtp.info\/bsw2018\/bs2018\/wp-json\/wp\/v2\/media?parent=302"}],"curies":[{"name":"wp","href":"https:\/\/api.w.org\/{rel}","templated":true}]}}